{"id":10,"date":"2019-06-24T18:41:53","date_gmt":"2019-06-24T16:41:53","guid":{"rendered":"http:\/\/serwinowski.pl\/?page_id=10"},"modified":"2019-11-20T18:12:42","modified_gmt":"2019-11-20T17:12:42","slug":"strona-glowna","status":"publish","type":"page","link":"http:\/\/serwinowski.pl\/","title":{"rendered":"Strona G\u0142\u00f3wna"},"content":{"rendered":"<p>[et_pb_section fb_built=&#8221;1&#8243; next_background_color=&#8221;#ffffff&#8221; _builder_version=&#8221;3.23.3&#8243; background_image=&#8221;http:\/\/serwinowski.pl\/wp-content\/uploads\/2019\/08\/2681848.jpg&#8221; parallax=&#8221;on&#8221; custom_padding=&#8221;410px|||||&#8221; top_divider_style=&#8221;arrow3&#8243; top_divider_color=&#8221;#ff0000&#8243; bottom_divider_style=&#8221;arrow3&#8243;][et_pb_row custom_padding=&#8221;0px||0px|||&#8221; background_color_1=&#8221;rgba(219,219,219,0.55)&#8221; background_color_2=&#8221;rgba(219,219,219,0.55)&#8221; background_color_3=&#8221;rgba(219,219,219,0.55)&#8221; _builder_version=&#8221;3.23.3&#8243; background_color=&#8221;rgba(224,43,32,0.75)&#8221; link_option_url=&#8221;\/index.php\/meble\/&#8221;][et_pb_column type=&#8221;1_3&#8243; _builder_version=&#8221;3.23.3&#8243;][et_pb_image src=&#8221;http:\/\/serwinowski.pl\/wp-content\/uploads\/2019\/08\/logo-kuchnie-1.png&#8221; align=&#8221;center&#8221; _builder_version=&#8221;3.23.3&#8243; max_width=&#8221;80%&#8221;][\/et_pb_image][et_pb_text _builder_version=&#8221;3.23.3&#8243; text_font=&#8221;||||||||&#8221; text_text_color=&#8221;#000000&#8243; custom_margin=&#8221;|||10px&#8221;]<\/p>\n<p><strong>Posiadamy w swojej ofercie wszelkiego rodzaju fronty:<\/strong><\/p>\n<ul>\n<li>Fronty lakierowane<\/li>\n<li>Fronty fornirowane<\/li>\n<li>Fronty fornirowane i drewniane\u00a0<\/li>\n<li>Fronty foliowane<\/li>\n<\/ul>\n<p>[\/et_pb_text][et_pb_button button_url=&#8221;\/index.php\/meble\/&#8221; button_text=&#8221;Zobacz wi\u0119cej&#8221; button_alignment=&#8221;center&#8221; _builder_version=&#8221;3.23.3&#8243; custom_button=&#8221;on&#8221; button_text_size=&#8221;27px&#8221; button_text_color=&#8221;#000000&#8243; button_font=&#8221;||||||||&#8221;][\/et_pb_button][\/et_pb_column][et_pb_column type=&#8221;1_3&#8243; _builder_version=&#8221;3.23.3&#8243;][et_pb_image src=&#8221;http:\/\/serwinowski.pl\/wp-content\/uploads\/2019\/08\/logo-agd.png&#8221; url=&#8221;\/index.php\/katalog-agd\/&#8221; align=&#8221;center&#8221; force_fullwidth=&#8221;on&#8221; _builder_version=&#8221;3.23.3&#8243;][\/et_pb_image][et_pb_text _builder_version=&#8221;3.23.3&#8243; text_font=&#8221;||||||||&#8221; text_text_color=&#8221;#000000&#8243; custom_margin=&#8221;|||10px&#8221; link_option_url=&#8221;\/index.php\/katalog-agd\/&#8221;]<\/p>\n<p><strong>Realizujemy indywidualne zam\u00f3wienia po najni\u017cszych cenach wed\u0142ug indywidualnych specyfikacji naszego sprz\u0119tu!<\/strong><\/p>\n<p><strong><span>Mo\u017cecia pa\u0144stwo zamowi\u0107 u nas mi\u0119dzy innymi:<\/span><\/strong><\/p>\n<ul>\n<li><b>Piekarniki<\/b><\/li>\n<li><b>Mikrofal\u00f3wki<\/b><\/li>\n<li><b>Okapy<\/b><\/li>\n<li><b>Lod\u00f3wki<\/b><\/li>\n<li><b>Zmywarki<\/b><\/li>\n<li><b>P\u0142yty do zabudowy<\/b><\/li>\n<\/ul>\n<p>[\/et_pb_text][et_pb_button button_url=&#8221;\/index.php\/katalog-agd\/&#8221; button_text=&#8221;Zobacz wi\u0119cej&#8221; button_alignment=&#8221;center&#8221; _builder_version=&#8221;3.23.3&#8243; custom_button=&#8221;on&#8221; button_text_size=&#8221;33px&#8221; button_text_color=&#8221;#000000&#8243; button_font=&#8221;||||||||&#8221;][\/et_pb_button][\/et_pb_column][et_pb_column type=&#8221;1_3&#8243; _builder_version=&#8221;3.23.3&#8243;][et_pb_image src=&#8221;http:\/\/serwinowski.pl\/wp-content\/uploads\/2019\/08\/logo-serwis.png&#8221; url=&#8221;\/index.php\/serwis\/&#8221; align=&#8221;center&#8221; _builder_version=&#8221;3.23.3&#8243; max_width=&#8221;80%&#8221;][\/et_pb_image][et_pb_text _builder_version=&#8221;3.23.3&#8243; text_font=&#8221;||||||||&#8221; text_text_color=&#8221;#000000&#8243; custom_margin=&#8221;|||10px&#8221;]<\/p>\n<p><strong>Jeste\u015bmy autoryzowanym serwisem FRANKE<\/strong><\/p>\n<p><strong>Serwis Gwarancyjny<\/strong><br \/> Tel: +48 22 711 67 34<br \/> Tel: +48 22 711 67 36<br \/> <strong>Poniedzia\u0142ek \u2014 Pi\u0105tek<\/strong><br \/> 9.00 -17.00<\/p>\n<p>Serwis Pogwarancyjny<br \/> W ramach napraw pogwarancyjnych istnieje mo\u017cliwo\u015b\u0107 udost\u0119pnienia zast\u0119pczego sprz\u0119tu AGD na czas naprawy<\/p>\n<p>Kom: +48 513 675 355<\/p>\n<p>[\/et_pb_text][et_pb_button button_url=&#8221;\/index.php\/serwis\/&#8221; button_text=&#8221;Zobacz wi\u0119cej&#8221; button_alignment=&#8221;center&#8221; _builder_version=&#8221;3.23.3&#8243; custom_button=&#8221;on&#8221; button_text_size=&#8221;27px&#8221; button_text_color=&#8221;#000000&#8243; button_font=&#8221;||||||||&#8221;][\/et_pb_button][\/et_pb_column][\/et_pb_row][\/et_pb_section][et_pb_section fb_built=&#8221;1&#8243; _builder_version=&#8221;3.23.3&#8243;][et_pb_row _builder_version=&#8221;3.23.3&#8243;][et_pb_column type=&#8221;4_4&#8243; _builder_version=&#8221;3.23.3&#8243;][et_pb_text _builder_version=&#8221;3.23.3&#8243; custom_padding=&#8221;||0px|||&#8221;]<\/p>\n<p><b>RODO &#8211; Informacja o przetwarzaniu danych Szanowni Pa\u0144stwo,<\/b><br \/> <span>od 25 maja 2018 r. rozpoczniemy w Polsce stosowanie przepis\u00f3w Rozporz\u0105dzenia Parlamentu Europejskiego i Rady (UE) 2016\/679 z dnia 27 kwietnia 2016 r. w sprawie ochrony os\u00f3b fizycznych w zwi\u0105zku z przetwarzaniem danych osobowych i w sprawie swobodnego przep\u0142ywu takich danych oraz uchylenia dyrektywy 95\/46\/WE (og\u00f3lne rozporz\u0105dzenie o ochronie danych, zwane tak\u017ce RODO). Administratorem Twoich danych osobowych jest Jaros\u0142aw Serwinowski, prowadz\u0105cy dzia\u0142alno\u015b\u0107 pod nazw\u0105 Firma Produkcyjno Handlowa Us\u0142ugowa SERWINOWSKI. Twoje dane przetwarzamy w celu wykonania zawartej umowy &#8211; podstaw\u0119 prawn\u0105 przetwarzania stanowi art. 6 ust. 1 lit. b RODO oraz w celu przekazywania aktualnych informacji handlowych \u2013 podstaw\u0119 prawn\u0105 przetwarzania stanowi art. 6 ust. 1 lit. a i f.\u00a0<\/span><\/p>\n<p><span>Odbiorc\u0105 Twoich danych b\u0119d\u0105 podmioty przetwarzaj\u0105ce dane w imieniu Administratora. Przys\u0142uguje Ci prawo dost\u0119pu do danych osobowych oraz prawo \u017c\u0105dania ich sprostowania , ich usuni\u0119cia lub ograniczenia ich przetwarzania . Pe\u0142na informacja na temat przetwarzania Twoich danych osobowych oraz przys\u0142uguj\u0105cych praw jest dost\u0119pna na stronie:<span style=\"color: #ff0000;\">\u00a0<\/span><\/span><span style=\"color: #ff0000;\"><a href=\"http:\/\/serwinowski.pl\/polityka_prywatnosci.html\" style=\"color: #ff0000;\">http:\/\/serwinowski.pl\/polityka_prywatnosci.html<\/a><\/span><\/p>\n<p>[\/et_pb_text][\/et_pb_column][\/et_pb_row][\/et_pb_section]<\/p>\n","protected":false},"excerpt":{"rendered":"<p>Posiadamy w swojej ofercie wszelkiego rodzaju fronty: Fronty lakierowane Fronty fornirowane Fronty fornirowane i drewniane\u00a0 Fronty foliowane Realizujemy indywidualne zam\u00f3wienia po najni\u017cszych cenach wed\u0142ug indywidualnych specyfikacji naszego sprz\u0119tu! Mo\u017cecia pa\u0144stwo zamowi\u0107 u nas mi\u0119dzy innymi: Piekarniki Mikrofal\u00f3wki Okapy Lod\u00f3wki Zmywarki P\u0142yty do zabudowy Jeste\u015bmy autoryzowanym serwisem FRANKE Serwis Gwarancyjny Tel: +48 22 711 67 34 [&hellip;]<\/p>\n","protected":false},"author":1,"featured_media":0,"parent":0,"menu_order":0,"comment_status":"closed","ping_status":"closed","template":"","meta":{"_et_pb_use_builder":"on","_et_pb_old_content":"","_et_gb_content_width":""},"yoast_head":"<!-- This site is optimized with the Yoast SEO plugin v17.4 - https:\/\/yoast.com\/wordpress\/plugins\/seo\/ -->\n<title>Strona G\u0142\u00f3wna - Serwinowski: Studio Mebli Kuchennych Bochnia<\/title>\n<meta name=\"robots\" content=\"index, follow, max-snippet:-1, max-image-preview:large, max-video-preview:-1\" \/>\n<link rel=\"canonical\" href=\"http:\/\/serwinowski.pl\/\" \/>\n<meta property=\"og:locale\" content=\"pl_PL\" \/>\n<meta property=\"og:type\" content=\"article\" \/>\n<meta property=\"og:title\" content=\"Strona G\u0142\u00f3wna - Serwinowski: Studio Mebli Kuchennych Bochnia\" \/>\n<meta property=\"og:description\" content=\"Posiadamy w swojej ofercie wszelkiego rodzaju fronty: Fronty lakierowane Fronty fornirowane Fronty fornirowane i drewniane\u00a0 Fronty foliowane Realizujemy indywidualne zam\u00f3wienia po najni\u017cszych cenach wed\u0142ug indywidualnych specyfikacji naszego sprz\u0119tu! Mo\u017cecia pa\u0144stwo zamowi\u0107 u nas mi\u0119dzy innymi: Piekarniki Mikrofal\u00f3wki Okapy Lod\u00f3wki Zmywarki P\u0142yty do zabudowy Jeste\u015bmy autoryzowanym serwisem FRANKE Serwis Gwarancyjny Tel: +48 22 711 67 34 [&hellip;]\" \/>\n<meta property=\"og:url\" content=\"http:\/\/serwinowski.pl\/\" \/>\n<meta property=\"og:site_name\" content=\"Serwinowski: Studio Mebli Kuchennych Bochnia\" \/>\n<meta property=\"article:publisher\" content=\"https:\/\/www.facebook.com\/Kuchnieserwinowski\/\" \/>\n<meta property=\"article:modified_time\" content=\"2019-11-20T17:12:42+00:00\" \/>\n<meta name=\"twitter:card\" content=\"summary_large_image\" \/>\n<meta name=\"twitter:label1\" content=\"Szacowany czas czytania\" \/>\n\t<meta name=\"twitter:data1\" content=\"3 minuty\" \/>\n<script type=\"application\/ld+json\" class=\"yoast-schema-graph\">{\"@context\":\"https:\/\/schema.org\",\"@graph\":[{\"@type\":\"Organization\",\"@id\":\"http:\/\/serwinowski.pl\/#organization\",\"name\":\"Studio Mebli Kuchennych - Serwinowski\",\"url\":\"http:\/\/serwinowski.pl\/\",\"sameAs\":[\"https:\/\/www.facebook.com\/Kuchnieserwinowski\/\"],\"logo\":{\"@type\":\"ImageObject\",\"@id\":\"http:\/\/serwinowski.pl\/#logo\",\"inLanguage\":\"pl-PL\",\"url\":\"http:\/\/serwinowski.pl\/wp-content\/uploads\/2019\/08\/logo-kuchnie.png\",\"contentUrl\":\"http:\/\/serwinowski.pl\/wp-content\/uploads\/2019\/08\/logo-kuchnie.png\",\"width\":2001,\"height\":552,\"caption\":\"Studio Mebli Kuchennych - Serwinowski\"},\"image\":{\"@id\":\"http:\/\/serwinowski.pl\/#logo\"}},{\"@type\":\"WebSite\",\"@id\":\"http:\/\/serwinowski.pl\/#website\",\"url\":\"http:\/\/serwinowski.pl\/\",\"name\":\"Serwinowski: Studio Mebli Kuchennych\",\"description\":\"\",\"publisher\":{\"@id\":\"http:\/\/serwinowski.pl\/#organization\"},\"potentialAction\":[{\"@type\":\"SearchAction\",\"target\":{\"@type\":\"EntryPoint\",\"urlTemplate\":\"http:\/\/serwinowski.pl\/?s={search_term_string}\"},\"query-input\":\"required name=search_term_string\"}],\"inLanguage\":\"pl-PL\"},{\"@type\":\"WebPage\",\"@id\":\"http:\/\/serwinowski.pl\/#webpage\",\"url\":\"http:\/\/serwinowski.pl\/\",\"name\":\"Strona G\\u0142\\u00f3wna - Serwinowski: Studio Mebli Kuchennych Bochnia\",\"isPartOf\":{\"@id\":\"http:\/\/serwinowski.pl\/#website\"},\"datePublished\":\"2019-06-24T16:41:53+00:00\",\"dateModified\":\"2019-11-20T17:12:42+00:00\",\"breadcrumb\":{\"@id\":\"http:\/\/serwinowski.pl\/#breadcrumb\"},\"inLanguage\":\"pl-PL\",\"potentialAction\":[{\"@type\":\"ReadAction\",\"target\":[\"http:\/\/serwinowski.pl\/\"]}]},{\"@type\":\"BreadcrumbList\",\"@id\":\"http:\/\/serwinowski.pl\/#breadcrumb\",\"itemListElement\":[{\"@type\":\"ListItem\",\"position\":1,\"name\":\"Strona g\\u0142\\u00f3wna\",\"item\":\"http:\/\/serwinowski.pl\/\"},{\"@type\":\"ListItem\",\"position\":2,\"name\":\"Strona G\\u0142\\u00f3wna\"}]}]}<\/script>\n<!-- \/ Yoast SEO plugin. -->","yoast_head_json":{"title":"Strona G\u0142\u00f3wna - Serwinowski: Studio Mebli Kuchennych Bochnia","robots":{"index":"index","follow":"follow","max-snippet":"max-snippet:-1","max-image-preview":"max-image-preview:large","max-video-preview":"max-video-preview:-1"},"canonical":"http:\/\/serwinowski.pl\/","og_locale":"pl_PL","og_type":"article","og_title":"Strona G\u0142\u00f3wna - Serwinowski: Studio Mebli Kuchennych Bochnia","og_description":"Posiadamy w swojej ofercie wszelkiego rodzaju fronty: Fronty lakierowane Fronty fornirowane Fronty fornirowane i drewniane\u00a0 Fronty foliowane Realizujemy indywidualne zam\u00f3wienia po najni\u017cszych cenach wed\u0142ug indywidualnych specyfikacji naszego sprz\u0119tu! Mo\u017cecia pa\u0144stwo zamowi\u0107 u nas mi\u0119dzy innymi: Piekarniki Mikrofal\u00f3wki Okapy Lod\u00f3wki Zmywarki P\u0142yty do zabudowy Jeste\u015bmy autoryzowanym serwisem FRANKE Serwis Gwarancyjny Tel: +48 22 711 67 34 [&hellip;]","og_url":"http:\/\/serwinowski.pl\/","og_site_name":"Serwinowski: Studio Mebli Kuchennych Bochnia","article_publisher":"https:\/\/www.facebook.com\/Kuchnieserwinowski\/","article_modified_time":"2019-11-20T17:12:42+00:00","twitter_card":"summary_large_image","twitter_misc":{"Szacowany czas czytania":"3 minuty"},"schema":{"@context":"https:\/\/schema.org","@graph":[{"@type":"Organization","@id":"http:\/\/serwinowski.pl\/#organization","name":"Studio Mebli Kuchennych - Serwinowski","url":"http:\/\/serwinowski.pl\/","sameAs":["https:\/\/www.facebook.com\/Kuchnieserwinowski\/"],"logo":{"@type":"ImageObject","@id":"http:\/\/serwinowski.pl\/#logo","inLanguage":"pl-PL","url":"http:\/\/serwinowski.pl\/wp-content\/uploads\/2019\/08\/logo-kuchnie.png","contentUrl":"http:\/\/serwinowski.pl\/wp-content\/uploads\/2019\/08\/logo-kuchnie.png","width":2001,"height":552,"caption":"Studio Mebli Kuchennych - Serwinowski"},"image":{"@id":"http:\/\/serwinowski.pl\/#logo"}},{"@type":"WebSite","@id":"http:\/\/serwinowski.pl\/#website","url":"http:\/\/serwinowski.pl\/","name":"Serwinowski: Studio Mebli Kuchennych","description":"","publisher":{"@id":"http:\/\/serwinowski.pl\/#organization"},"potentialAction":[{"@type":"SearchAction","target":{"@type":"EntryPoint","urlTemplate":"http:\/\/serwinowski.pl\/?s={search_term_string}"},"query-input":"required name=search_term_string"}],"inLanguage":"pl-PL"},{"@type":"WebPage","@id":"http:\/\/serwinowski.pl\/#webpage","url":"http:\/\/serwinowski.pl\/","name":"Strona G\u0142\u00f3wna - Serwinowski: Studio Mebli Kuchennych Bochnia","isPartOf":{"@id":"http:\/\/serwinowski.pl\/#website"},"datePublished":"2019-06-24T16:41:53+00:00","dateModified":"2019-11-20T17:12:42+00:00","breadcrumb":{"@id":"http:\/\/serwinowski.pl\/#breadcrumb"},"inLanguage":"pl-PL","potentialAction":[{"@type":"ReadAction","target":["http:\/\/serwinowski.pl\/"]}]},{"@type":"BreadcrumbList","@id":"http:\/\/serwinowski.pl\/#breadcrumb","itemListElement":[{"@type":"ListItem","position":1,"name":"Strona g\u0142\u00f3wna","item":"http:\/\/serwinowski.pl\/"},{"@type":"ListItem","position":2,"name":"Strona G\u0142\u00f3wna"}]}]}},"_links":{"self":[{"href":"http:\/\/serwinowski.pl\/index.php\/wp-json\/wp\/v2\/pages\/10"}],"collection":[{"href":"http:\/\/serwinowski.pl\/index.php\/wp-json\/wp\/v2\/pages"}],"about":[{"href":"http:\/\/serwinowski.pl\/index.php\/wp-json\/wp\/v2\/types\/page"}],"author":[{"embeddable":true,"href":"http:\/\/serwinowski.pl\/index.php\/wp-json\/wp\/v2\/users\/1"}],"replies":[{"embeddable":true,"href":"http:\/\/serwinowski.pl\/index.php\/wp-json\/wp\/v2\/comments?post=10"}],"version-history":[{"count":73,"href":"http:\/\/serwinowski.pl\/index.php\/wp-json\/wp\/v2\/pages\/10\/revisions"}],"predecessor-version":[{"id":1845,"href":"http:\/\/serwinowski.pl\/index.php\/wp-json\/wp\/v2\/pages\/10\/revisions\/1845"}],"wp:attachment":[{"href":"http:\/\/serwinowski.pl\/index.php\/wp-json\/wp\/v2\/media?parent=10"}],"curies":[{"name":"wp","href":"https:\/\/api.w.org\/{rel}","templated":true}]}}